{"id":6335,"date":"2021-06-24T18:35:14","date_gmt":"2021-06-24T16:35:14","guid":{"rendered":"https:\/\/www.cappellettieroleri.com\/secteur-industriel-et-commercial\/"},"modified":"2021-06-24T18:35:24","modified_gmt":"2021-06-24T16:35:24","slug":"secteur-industriel-et-commercial","status":"publish","type":"page","link":"https:\/\/www.cappellettieroleri.com\/fr\/secteur-industriel-et-commercial\/","title":{"rendered":"Secteur Industriel et Commercial"},"content":{"rendered":"\t\t<div data-elementor-type=\"wp-page\" data-elementor-id=\"6335\" class=\"elementor elementor-6335 elementor-5088\" data-elementor-settings=\"[]\">\n\t\t\t\t\t\t\t<div class=\"elementor-section-wrap\">\n\t\t\t\t\t\t\t<section class=\"wavo-column-gap-default elementor-section elementor-top-section elementor-element elementor-element-a627ca8 elementor-section-boxed elementor-section-height-default elementor-section-height-default\" data-id=\"a627ca8\" data-element_type=\"section\" data-settings=\"{&quot;background_background&quot;:&quot;classic&quot;}\">\n\t\t\t\t\t\t\t<div class=\"elementor-background-overlay\"><\/div>\n\t\t\t\t\t\t\t<div class=\"elementor-container elementor-column-gap-default\">\n\t\t\t\t\t<div class=\"elementor-column elementor-col-100 elementor-top-column elementor-element elementor-element-6cbfc34\" data-id=\"6cbfc34\" data-element_type=\"column\">\n\t\t\t<div class=\"elementor-widget-wrap elementor-element-populated\">\n\t\t\t\t\t\t\t\t<div class=\"elementor-element elementor-element-96aeaab wavo-transform transform-type-translate elementor-widget elementor-widget-heading\" data-id=\"96aeaab\" data-element_type=\"widget\" data-settings=\"{&quot;_animation&quot;:&quot;none&quot;}\" data-widget_type=\"heading.default\">\n\t\t\t\t<div class=\"elementor-widget-container\">\n\t\t\t<h1 class=\"elementor-heading-title elementor-size-default\">SECTEUR INDUSTRIEL ET COMMERCIAL<\/h1>\t\t<\/div>\n\t\t\t\t<\/div>\n\t\t\t\t\t<\/div>\n\t\t<\/div>\n\t\t\t\t\t\t\t<\/div>\n\t\t<\/section>\n\t\t\t\t<div class=\"wavo-column-gap-default elementor-section elementor-top-section elementor-element elementor-element-2c3f4da nt-section section-padding elementor-section-content-middle elementor-section-boxed elementor-section-height-default elementor-section-height-default\" data-id=\"2c3f4da\" data-element_type=\"section\" data-settings=\"{&quot;background_background&quot;:&quot;classic&quot;}\">\n\t\t\t\t\t\t<div class=\"elementor-container elementor-column-gap-default\">\n\t\t\t\t\t<div class=\"elementor-column elementor-col-100 elementor-top-column elementor-element elementor-element-1936385\" data-id=\"1936385\" data-element_type=\"column\">\n\t\t\t<div class=\"elementor-widget-wrap elementor-element-populated\">\n\t\t\t\t\t\t\t\t<section class=\"wavo-column-gap-default elementor-section elementor-inner-section elementor-element elementor-element-207fc02 elementor-section-boxed elementor-section-height-default elementor-section-height-default\" data-id=\"207fc02\" data-element_type=\"section\">\n\t\t\t\t\t\t<div class=\"elementor-container elementor-column-gap-default\">\n\t\t\t\t\t<div class=\"elementor-column elementor-col-100 elementor-inner-column elementor-element elementor-element-e29bd5b\" data-id=\"e29bd5b\" data-element_type=\"column\">\n\t\t\t<div class=\"elementor-widget-wrap elementor-element-populated\">\n\t\t\t\t\t\t\t\t<div class=\"elementor-element elementor-element-44bb1b6 wavo-transform transform-type-translate elementor-invisible elementor-widget elementor-widget-heading\" data-id=\"44bb1b6\" data-element_type=\"widget\" data-settings=\"{&quot;_animation&quot;:&quot;fadeInUp&quot;,&quot;_animation_delay&quot;:800}\" data-widget_type=\"heading.default\">\n\t\t\t\t<div class=\"elementor-widget-container\">\n\t\t\t<h2 class=\"elementor-heading-title elementor-size-default\">Faites-nous part de vos r\u00eaves,<br\/>nous ferons tout pour les r\u00e9aliser<\/h2>\t\t<\/div>\n\t\t\t\t<\/div>\n\t\t\t\t\t<\/div>\n\t\t<\/div>\n\t\t\t\t\t\t\t<\/div>\n\t\t<\/section>\n\t\t\t\t<div class=\"wavo-column-gap-wide elementor-section elementor-inner-section elementor-element elementor-element-81735b7 elementor-section-content-top elementor-section-boxed elementor-section-height-default elementor-section-height-default\" data-id=\"81735b7\" data-element_type=\"section\">\n\t\t\t\t\t\t<div class=\"elementor-container elementor-column-gap-wide\">\n\t\t\t\t\t<div class=\"elementor-column elementor-col-50 elementor-inner-column elementor-element elementor-element-0a50e93\" data-id=\"0a50e93\" data-element_type=\"column\">\n\t\t\t<div class=\"elementor-widget-wrap elementor-element-populated\">\n\t\t\t\t\t\t\t\t<div class=\"elementor-element elementor-element-e775b7c elementor-widget elementor-widget-text-editor\" data-id=\"e775b7c\" data-element_type=\"widget\" data-widget_type=\"text-editor.default\">\n\t\t\t\t<div class=\"elementor-widget-container\">\n\t\t\t\t\t\t\t\t<p>Nous sommes sp\u00e9cialis\u00e9s dans les vitrages destin\u00e9s \u00e0 toute une s\u00e9rie d\u2019usages qui r\u00e9volutionneront l\u2019aspect visuel de vos b\u00e2timents: murs-rideaux, vitrines, baies vitr\u00e9es isolantes, balustrades, suspensions murales, et bien plus encore !<\/p>\n<p>Gr\u00e2ce \u00e0 nos \u00e9quipes pluridisciplinaires, nous sommes en mesure de prendre en charge des projets de grande envergure en combinant exp\u00e9rience et innovation, tout en gardant toujours \u00e0 l\u2019esprit le d\u00e9veloppement durable.<\/p>\n<p>De ces deux valeurs, innovation et d\u00e9veloppement durable, est n\u00e9e l\u2019une de nos derni\u00e8res cr\u00e9ations : le vitrage avec stores int\u00e9gr\u00e9s.<\/p>\n<p><strong> Innovation<\/strong> car le store v\u00e9nitien, invention datant du XIVe si\u00e8cle, est ins\u00e9r\u00e9 et scell\u00e9 entre deux vitres de haute qualit\u00e9. Gr\u00e2ce \u00e0 cette technique, le store ne subit donc plus les effets du temps et ne n\u00e9cessite plus aucun entretien.<\/p>\n<p><strong>D\u00e9veloppement durable<\/strong> car cette invention prot\u00e8ge de mani\u00e8re significative les espaces de vie des rayons du soleil, ce qui permet de limiter l\u2019utilisation de la climatisation, bien connue pour nuire \u00e0 la plan\u00e8te en raison de son impact sur la couche d\u2019ozone.<\/p>\n\t\t\t\t\t\t<\/div>\n\t\t\t\t<\/div>\n\t\t\t\t\t<\/div>\n\t\t<\/div>\n\t\t\t\t<div class=\"elementor-column elementor-col-50 elementor-inner-column elementor-element elementor-element-26d2ce2\" data-id=\"26d2ce2\" data-element_type=\"column\">\n\t\t\t<div class=\"elementor-widget-wrap elementor-element-populated\">\n\t\t\t\t\t\t\t\t<div class=\"elementor-element elementor-element-e1f8964 elementor-widget elementor-widget-image\" data-id=\"e1f8964\" data-element_type=\"widget\" data-widget_type=\"image.default\">\n\t\t\t\t<div class=\"elementor-widget-container\">\n\t\t\t\t\t\t\t\t\t\t\t\t\t\t\t<img width=\"768\" height=\"1024\" src=\"https:\/\/www.cappellettieroleri.com\/wp-content\/uploads\/2021\/06\/industriale-commerciale-768x1024.jpg\" class=\"attachment-large size-large\" alt=\"\" loading=\"lazy\" srcset=\"https:\/\/www.cappellettieroleri.com\/wp-content\/uploads\/2021\/06\/industriale-commerciale-768x1024.jpg 768w, https:\/\/www.cappellettieroleri.com\/wp-content\/uploads\/2021\/06\/industriale-commerciale-225x300.jpg 225w, https:\/\/www.cappellettieroleri.com\/wp-content\/uploads\/2021\/06\/industriale-commerciale-500x667.jpg 500w, https:\/\/www.cappellettieroleri.com\/wp-content\/uploads\/2021\/06\/industriale-commerciale.jpg 1000w\" sizes=\"(max-width: 768px) 100vw, 768px\" \/>\t\t\t\t\t\t\t\t\t\t\t\t\t\t\t<\/div>\n\t\t\t\t<\/div>\n\t\t\t\t\t<\/div>\n\t\t<\/div>\n\t\t\t\t\t\t\t<\/div>\n\t\t<\/div>\n\t\t\t\t\t<\/div>\n\t\t<\/div>\n\t\t\t\t\t\t\t<\/div>\n\t\t<\/div>\n\t\t\t\t\t\t<\/div>\n\t\t\t\t\t<\/div>\n\t\t","protected":false},"excerpt":{"rendered":"<p>SECTEUR INDUSTRIEL ET COMMERCIAL Faites-nous part de vos r\u00eaves,nous ferons tout pour les r\u00e9aliser Nous sommes sp\u00e9cialis\u00e9s dans les vitrages destin\u00e9s \u00e0 toute une s\u00e9rie d\u2019usages qui r\u00e9volutionneront l\u2019aspect visuel de vos b\u00e2timents: murs-rideaux, vitrines, baies vitr\u00e9es isolantes, balustrades, suspensions murales, et bien plus encore ! Gr\u00e2ce \u00e0 nos \u00e9quipes pluridisciplinaires, nous sommes en mesure&#8230;<\/p>\n","protected":false},"author":1,"featured_media":0,"parent":0,"menu_order":0,"comment_status":"closed","ping_status":"closed","template":"wavo-elementor-page.php","meta":[],"_links":{"self":[{"href":"https:\/\/www.cappellettieroleri.com\/fr\/wp-json\/wp\/v2\/pages\/6335"}],"collection":[{"href":"https:\/\/www.cappellettieroleri.com\/fr\/wp-json\/wp\/v2\/pages"}],"about":[{"href":"https:\/\/www.cappellettieroleri.com\/fr\/wp-json\/wp\/v2\/types\/page"}],"author":[{"embeddable":true,"href":"https:\/\/www.cappellettieroleri.com\/fr\/wp-json\/wp\/v2\/users\/1"}],"replies":[{"embeddable":true,"href":"https:\/\/www.cappellettieroleri.com\/fr\/wp-json\/wp\/v2\/comments?post=6335"}],"version-history":[{"count":3,"href":"https:\/\/www.cappellettieroleri.com\/fr\/wp-json\/wp\/v2\/pages\/6335\/revisions"}],"predecessor-version":[{"id":6338,"href":"https:\/\/www.cappellettieroleri.com\/fr\/wp-json\/wp\/v2\/pages\/6335\/revisions\/6338"}],"wp:attachment":[{"href":"https:\/\/www.cappellettieroleri.com\/fr\/wp-json\/wp\/v2\/media?parent=6335"}],"curies":[{"name":"wp","href":"https:\/\/api.w.org\/{rel}","templated":true}]}}

<div data-elementor-type="wp-page" data-elementor-id="6335" class="elementor elementor-6335 elementor-5088" data-elementor-settings="[]">
							<div class="elementor-section-wrap">
							<section class="wavo-column-gap-default elementor-section elementor-top-section elementor-element elementor-element-a627ca8 elementor-section-boxed elementor-section-height-default elementor-section-height-default" data-id="a627ca8" data-element_type="section" data-settings="{&quot;background_background&quot;:&quot;classic&quot;}">
							<div class="elementor-background-overlay"></div>
							<div class="elementor-container elementor-column-gap-default">
					<div class="elementor-column elementor-col-100 elementor-top-column elementor-element elementor-element-6cbfc34" data-id="6cbfc34" data-element_type="column">
			<div class="elementor-widget-wrap elementor-element-populated">
								<div class="elementor-element elementor-element-96aeaab wavo-transform transform-type-translate elementor-widget elementor-widget-heading" data-id="96aeaab" data-element_type="widget" data-settings="{&quot;_animation&quot;:&quot;none&quot;}" data-widget_type="heading.default">
				<div class="elementor-widget-container">
			<h1 class="elementor-heading-title elementor-size-default">SECTEUR INDUSTRIEL ET COMMERCIAL</h1>		</div>
				</div>
					</div>
		</div>
							</div>
		</section>
				<div class="wavo-column-gap-default elementor-section elementor-top-section elementor-element elementor-element-2c3f4da nt-section section-padding elementor-section-content-middle elementor-section-boxed elementor-section-height-default elementor-section-height-default" data-id="2c3f4da" data-element_type="section" data-settings="{&quot;background_background&quot;:&quot;classic&quot;}">
						<div class="elementor-container elementor-column-gap-default">
					<div class="elementor-column elementor-col-100 elementor-top-column elementor-element elementor-element-1936385" data-id="1936385" data-element_type="column">
			<div class="elementor-widget-wrap elementor-element-populated">
								<section class="wavo-column-gap-default elementor-section elementor-inner-section elementor-element elementor-element-207fc02 elementor-section-boxed elementor-section-height-default elementor-section-height-default" data-id="207fc02" data-element_type="section">
						<div class="elementor-container elementor-column-gap-default">
					<div class="elementor-column elementor-col-100 elementor-inner-column elementor-element elementor-element-e29bd5b" data-id="e29bd5b" data-element_type="column">
			<div class="elementor-widget-wrap elementor-element-populated">
								<div class="elementor-element elementor-element-44bb1b6 wavo-transform transform-type-translate elementor-invisible elementor-widget elementor-widget-heading" data-id="44bb1b6" data-element_type="widget" data-settings="{&quot;_animation&quot;:&quot;fadeInUp&quot;,&quot;_animation_delay&quot;:800}" data-widget_type="heading.default">
				<div class="elementor-widget-container">
			<h2 class="elementor-heading-title elementor-size-default">Faites-nous part de vos rêves,<br/>nous ferons tout pour les réaliser</h2>		</div>
				</div>
					</div>
		</div>
							</div>
		</section>
				<div class="wavo-column-gap-wide elementor-section elementor-inner-section elementor-element elementor-element-81735b7 elementor-section-content-top elementor-section-boxed elementor-section-height-default elementor-section-height-default" data-id="81735b7" data-element_type="section">
						<div class="elementor-container elementor-column-gap-wide">
					<div class="elementor-column elementor-col-50 elementor-inner-column elementor-element elementor-element-0a50e93" data-id="0a50e93" data-element_type="column">
			<div class="elementor-widget-wrap elementor-element-populated">
								<div class="elementor-element elementor-element-e775b7c elementor-widget elementor-widget-text-editor" data-id="e775b7c" data-element_type="widget" data-widget_type="text-editor.default">
				<div class="elementor-widget-container">
								<p>Nous sommes spécialisés dans les vitrages destinés à toute une série d’usages qui révolutionneront l’aspect visuel de vos bâtiments: murs-rideaux, vitrines, baies vitrées isolantes, balustrades, suspensions murales, et bien plus encore !</p>
<p>Grâce à nos équipes pluridisciplinaires, nous sommes en mesure de prendre en charge des projets de grande envergure en combinant expérience et innovation, tout en gardant toujours à l’esprit le développement durable.</p>
<p>De ces deux valeurs, innovation et développement durable, est née l’une de nos dernières créations : le vitrage avec stores intégrés.</p>
<p><strong> Innovation</strong> car le store vénitien, invention datant du XIVe siècle, est inséré et scellé entre deux vitres de haute qualité. Grâce à cette technique, le store ne subit donc plus les effets du temps et ne nécessite plus aucun entretien.</p>
<p><strong>Développement durable</strong> car cette invention protège de manière significative les espaces de vie des rayons du soleil, ce qui permet de limiter l’utilisation de la climatisation, bien connue pour nuire à la planète en raison de son impact sur la couche d’ozone.</p>
						</div>
				</div>
					</div>
		</div>
				<div class="elementor-column elementor-col-50 elementor-inner-column elementor-element elementor-element-26d2ce2" data-id="26d2ce2" data-element_type="column">
			<div class="elementor-widget-wrap elementor-element-populated">
								<div class="elementor-element elementor-element-e1f8964 elementor-widget elementor-widget-image" data-id="e1f8964" data-element_type="widget" data-widget_type="image.default">
				<div class="elementor-widget-container">
															<img width="768" height="1024" src="https://www.cappellettieroleri.com/wp-content/uploads/2021/06/industriale-commerciale-768x1024.jpg" class="attachment-large size-large" alt="" loading="lazy" srcset="https://www.cappellettieroleri.com/wp-content/uploads/2021/06/industriale-commerciale-768x1024.jpg 768w, https://www.cappellettieroleri.com/wp-content/uploads/2021/06/industriale-commerciale-225x300.jpg 225w, https://www.cappellettieroleri.com/wp-content/uploads/2021/06/industriale-commerciale-500x667.jpg 500w, https://www.cappellettieroleri.com/wp-content/uploads/2021/06/industriale-commerciale.jpg 1000w" sizes="(max-width: 768px) 100vw, 768px" />															</div>
				</div>
					</div>
		</div>
							</div>
		</div>
					</div>
		</div>
							</div>
		</div>
						</div>
					</div>

<p>SECTEUR INDUSTRIEL ET COMMERCIAL Faites-nous part de vos rêves,nous ferons tout pour les réaliser Nous sommes spécialisés dans les vitrages destinés à toute une série d’usages qui révolutionneront l’aspect visuel de vos bâtiments: murs-rideaux, vitrines, baies vitrées isolantes, balustrades, suspensions murales, et bien plus encore ! Grâce à nos équipes pluridisciplinaires, nous sommes en mesure&#8230;</p>
